**2 - 7*j + 11. Let l(r) = -6*c(r) - 5*x(r). What is the remainder when l(4) is divided by 3?
0
Let d(p) = -p + p**2 + 4 - 3*p - 10 - 3*p. Calculate the remainder when d(-8) is divided by 29.
27
Let t = 0 - -6. Let s = 2 + t. Suppose 0 = 4*q + 3*q - 154. What is the remainder when q is divided by s?
6
Suppose -9*i - g + 23 = -4*i, 2*i - 8 = -g. Suppose k + 2*k = -i*b + 45, b - 2*k = 22. What is the remainder when b is divided by 5?
2
Let i = 21 - 30. Let g = i + 13. Calculate the remainder when 18 is divided by g.
2
Let i(p) = 7*p - 1. What is the remainder when 21 is divided by i(1)?
3
Suppose -2 = -a - 0*a, -a + 87 = h. Calculate the remainder when h is divided by 22.
19
Suppose h - 320 = 5*l, -l - 2*h - 80 = h. Let s = l + 103. What is the remainder when s is divided by 13?
12
Let f = -6 - -10. Let s be (-2 + 2 - -1) + f. Suppose z + 10 + 17 = 3*i, 2*i = 5*z + s. Calculate the remainder when 19 is divided by i.
9
Suppose 5*o - 68 = 127. What is the remainder when o is divided by 10?
9
Let z(o) = 3*o**2 - 5*o + 6. Calculate the remainder when z(-7) is divided by 32.
28
Let i = -13 + 4. Let g(k) = k + 13. Let a(v) = -10*v + 1. What is the remainder when a(-1) is divided by g(i)?
3
Let u(z) = -25*z - 5. What is the remainder when u(-4) is divided by 32?
31
Suppose -3*w = 2*z - 21, w + 7 = 8*z - 4*z. Suppose -2*n + 84 = -w*n. What is the remainder when n*15/12*-1 is divided by 12?
11
Let o(s) = 14*s - 5. Calculate the remainder when o(14) is divided by 48.
47
Let j(x) = -x**3 - 4*x**2 + 13*x + 7. What is the remainder when j(-9) is divided by 27?
25
Let f(z) = 7*z - 9. Let m be f(7). Suppose i - 5*i = m. Let u = -1 - i. Calculate the remainder when 16 is divided by u.
7
Calculate the remainder when 12 is divided by (8/(-10))/((-1)/5).
0
Let m(y) = 2*y + 8. Suppose 2*z = 24 + 20. Let c = z - 12. What is the remainder when m(c) is divided by 15?
13
Let m(u) = -6*u**2 + u + 6. Let v(d) = -5*d**2 + 5. Let s(i) = 6*m(i) - 7*v(i). What is the remainder when 10 is divided by s(5)?
4
Suppose -w = 3*w - 52. What is the remainder when w is divided by 9?
4
Suppose 4*v = -5*x + 162, 38 + 16 = 2*x - 2*v. Suppose 2*u = -5*p, -5*u + 4*u + 5*p = -x. Calculate the remainder when 19 is divided by u.
9
Suppose -14*h = -160 + 6. What is the remainder when 40 is divided by h?
7
Let o(v) = 12*v**2 + v. What is the remainder when 19 is divided by o(-1)?
8
Suppose -5*n = -8 - 2. Calculate the remainder when n/4*(5 + 17) is divided by 34/8 + 2/(-8).
3
Let t = 0 + 16. What is the remainder when t + -4 + 6 + 0 is divided by 7?
4
Let w(z) = -2*z + 8. Let x(g) = g**2 + 7. Suppose 0 = l + 5*u + 6, -4*l + l = 3*u + 18. What is the remainder when x(l) is divided by w(-7)?
21
Let c = 12 - 10. Suppose 3*l + 26 = 5*g, -3*g - l = -1 - 9. Suppose -g*h = -3*h - c. What is the remainder when 2 is divided by h?
0
Suppose -3*k - 25 = 2*k. What is the remainder when (-4)/(-2) + (-75)/k is divided by 6?
5
Let o(q) = q**3 - 17*q**2 + 31*q - 5. Calculate the remainder when o(15) is divided by (6/10)/((-2)/(-10)).
1
Let o = -60 - -35. Let r be 202/(-5) - 3/5. Let f = o - r. What is the remainder when 46 is divided by f?
14
Let b = 61 - 24. Let u = 10 + b. What is the remainder when u is divided by 16?
15
Let f = 4 - -9. What is the remainder when 51 is divided by f?
12
Let s = 1 + 1. Suppose -5*t = -s*u - 19 - 0, 5*t = -5*u + 40. Calculate the remainder when 3 is divided by (-1)/(-1) + -1 + u.
0
Let d = 204 - 107. Let v = 136 - d. What is the remainder when v is divided by 10?
9
Calculate the remainder when (-4 + (-38 - -1))/(-1) is divided by 15.
11
What is the remainder when 262/(-1 + -1)*3/(-3) is divided by 33?
32
Let v(y) = -y**2 + 11*y + 8. Let i be (44/16)/((-1)/(-4)). Calculate the remainder when 15 is divided by v(i).
7
Let m(o) = -22*o - 2. Let q be (-5)/15 + 4/(-6). Calculate the remainder when m(q) is divided by 7.
6
Suppose -s - 2 + 4 = 0. Let y(o) = -5 - s*o - o + 6*o. Calculate the remainder when 19 is divided by y(4).
5
Let h(c) = -5*c - 27. What is the remainder when h(-12) is divided by 12?
9
Suppose -18 = -5*r - 8. Suppose 0 = 2*x - 8, 74 = 4*i - r*x - 2. Calculate the remainder when 81 is divided by i.
18
Let l(x) = 5*x - 9. Calculate the remainder when 95 is divided by l(5).
15
Let k = 73 - 50. Calculate the remainder when ((-6)/(-5))/((-9)/(-510)) is divided by k.
22
Let u = 0 - -4. Suppose -u = z - 3*z. Suppose o - f + 2 = 3*f, z*o - f - 10 = 0. What is the remainder when 15 is divided by o?
3
Let l = 12 + 3. Calculate the remainder when l is divided by 9.
6
Let y be (-1)/4 - 225/12. Let r = y - -28. Calculate the remainder when 25 is divided by r.
7
Let d(a) = -a**3 - 12*a**2 - 13*a - 9. Suppose 0 = -3*f + 17 - 50. Calculate the remainder when 25 is divided by d(f).
12
Suppose -63 = -5*o + 92. Suppose m = o + 8. What is the remainder when m is divided by 10?
9
Suppose 28*s + 16 = 30*s. Calculate the remainder when 23 is divided by s.
7
Let g be (-6 - -3)/((-3)/(-33)). Calculate the remainder when 63 is divided by (-2)/4 - g/2.
15
Suppose n = -5*a - 25, -a + 5 - 10 = -n. Let d(v) = v**2 + 13. Suppose -29 = -y + 8. Calculate the remainder when y is divided by d(n).
11
Let r(s) = s**2 - 9*s - 24. What is the remainder when r(-3) is divided by 1?
0
Let p = -7 - -15. Suppose d = -2*m + 2, 0 = -2*d - d - 4*m + 8. Suppose 3*g = d*g - 15. What is the remainder when g is divided by p?
7
Let d(m) = 126*m + 1. Let t be d(1). What is the remainder when (-12)/(-20) - t/(-5) is divided by 14?
12
Calculate the remainder when ((-33)/6)/((-1)/12) is divided by 17.
15
Let z = 27 - 14. Suppose -3*n - m = 2*n - 252, -n = -m - 48. Calculate the remainder when n is divided by z.
11
Calculate the remainder when 54 is divided by 24/2 + 20/10.
12
Let l(b) = 13*b - 1. Let w = -2 + 5. Calculate the remainder when w/(94/44 - 2) is divided by l(1).
10
What is the remainder when 105 is divided by -6*(-1)/(-10)*-45?
24
Suppose -6*o + o = -20, 188 = 4*h + 5*o. Let w(j) = -j + 11. What is the remainder when h is divided by w(0)?
9
Let a = 85 + -23. Calculate the remainder when a is divided by 21.
20
Calculate the remainder when 6/(-9)*6 - (-21 - 8) is divided by 6.
1
Suppose -2*a = -21 - 7. What is the remainder when 83 is divided by a?
13
Suppose 5*p + v + 16 = 0, -5*v = 4*p - 2*v + 4. Let z(f) = f + 4 - 7*f + 0*f. What is the remainder when z(p) is divided by 15?
13
Suppose -154 = -3*o + 4*i, -o + 64 = -2*i + 16. What is the remainder when 110 is divided by o?
52
Let w(p) = 6*p - 2. Let q be w(2). Let m(r) = r**2 - q - 6*r + 15*r + r**2. Calculate the remainder when m(-7) is divided by 9.
7
Let g = -151 + 399. Suppose -7*q = -3*q - g. Calculate the remainder when q is divided by 16.
14
Let i = -68 - -162. Suppose 82 = 5*k - 38. Calculate the remainder when i is divided by k.
22
Let f = 78 + -184. Let k = 224 + f. Let z = k + -71. What is the remainder when z is divided by 12?
11
Let m(v) = -v - 4. Let r be m(-6). Let q(t) = 4*t + 5 + t**2 - 6 + 3*t**2 - r*t. What is the remainder when q(-2) is divided by 6?
5
Let u(x) = x - 1. Suppose 3*j - 9 = -5*p, 5*j - 15 = 4*p - 9*p. Calculate the remainder when u(5) is divided by j.
1
Suppose 3*m + 56 = 7*m. What is the remainder when 52 is divided by m?
10
Suppose -5*d + 4 = -3*d. Suppose 55 = -d*m + 175. Suppose -2*p = -7*p + m. What is the remainder when 23 is divided by p?
11
Let m = 280 - 236. Calculate the remainder when m is divided by (0 - (-2 - -1))*12.
8
Suppose -472 = -4*s - 4*x, -4*s + s + x = -338. Suppose 5*v = -14 + s. What is the remainder when 59 is divided by v?
19
Let u be 2 + -2 + 2 + -2. Let g be (-1 - u) + 15/5. Suppose 0 = 6*v - g*v - 116. Calculate the remainder when v is divided by 15.
14
What is the remainder when (-70 + 6)*1/(-2)*1 is divided by 12?
8
Let i(k) = -k**3 - 7*k**2 - 6*k. Let n be i(-6). Let u be -4 + 4 + 15 - 4. Suppose h - u - 14 = n. Calculate the remainder when h is divided by 7.
4
Let q = -91 + 103. Calculate the remainder when 58 is divided by q.
10
Let d(s) = -2*s**3 + 4*s - 4. Let y(r) = 2*r + 5. Calculate the remainder when d(-3) is divided by y(4).
12
What is the remainder when ((-27)/21 + 4/14)*-19 is divided by 10?
9
Let t be (-14656)/56 + (-4)/14. Let a = t + 409. Suppose -4*f = -2*n + 78 - 8, 0 = 5*n